{"id":1869,"date":"2018-05-18T18:46:09","date_gmt":"2018-05-18T16:46:09","guid":{"rendered":"https:\/\/ggvzs2.de\/?page_id=1869"},"modified":"2018-05-20T18:13:55","modified_gmt":"2018-05-20T16:13:55","slug":"datenschutzerklaerung","status":"publish","type":"page","link":"https:\/\/ggvzs2.de\/?page_id=1869","title":{"rendered":"Datenschutzerkl\u00e4rung"},"content":{"rendered":"<h2>Wer wir sind<\/h2>\n<p>Gemeinn\u00fctziger Generationsverein Zehdenick Siedlung 2 e. V.<br \/>\nKanalstrasse 21<br \/>\n16792 Zehdenick<br \/>\nDie Adresse unserer Website ist: https:\/\/ggvzs2.de.<\/p>\n<h2>Welche personenbezogenen Daten wir sammeln und warum wir sie sammeln<\/h2>\n<h3>Kommentare<\/h3>\n<p>Wenn Besucher Kommentare auf der Website schreiben, sammeln wir die Daten, die im Kommentar-Formular angezeigt werden, au\u00dferdem die IP-Adresse des Besuchers und den User-Agent-String (damit wird der Browser identifiziert), um die Erkennung von Spam zu unterst\u00fctzen.<\/p>\n<p>Aus deiner E-Mail-Adresse kann eine anonymisierte Zeichenfolge erstellt (auch Hash genannt) und dem Gravatar-Dienst \u00fcbergeben werden, um zu pr\u00fcfen, ob du diesen benutzt. Die Datenschutzerkl\u00e4rung des Gravatar-Dienstes findest du hier: https:\/\/automattic.com\/privacy\/. Nachdem dein Kommentar freigegeben wurde, ist dein Profilbild \u00f6ffentlich im Kontext deines Kommentars sichtbar.<\/p>\n<h3>Medien<\/h3>\n<p>Wenn du ein registrierter Benutzer bist und Fotos auf diese Website l\u00e4dst, solltest du vermeiden, Fotos mit einem EXIF-GPS-Standort hochzuladen. Besucher dieser Website k\u00f6nnten Fotos, die auf dieser Website gespeichert sind, herunterladen und deren Standort-Informationen extrahieren.<\/p>\n<h3>Kontaktformulare<\/h3>\n<p>F\u00fcr unsere Kontaktformulare nutzen wir das PlugIn Contact Form 7, eingetragene Formulardaten werden dir per E-Mail geschickt, also auf deinem E-Mail-Server gespeichert. Eine zus\u00e4tzliche Speicherung in der WordPress-Datenbank findet (laut meinen eigenen Recherchen) nicht statt.<\/p>\n<h3>Cookies<\/h3>\n<p>Wenn du einen Kommentar auf unserer Website schreibst, kann das eine Einwilligung sein, deinen Namen, E-Mail-Adresse und Website in Cookies zu speichern. Dies ist eine Komfortfunktion, damit du nicht, wenn du einen weiteren Kommentar schreibst, all diese Daten erneut eingeben musst. Diese Cookies werden ein Jahr lang gespeichert.<\/p>\n<p>Falls du ein Konto hast und dich auf dieser Website anmeldest, werden wir ein tempor\u00e4res Cookie setzen, um festzustellen, ob dein Browser Cookies akzeptiert. Dieses Cookie enth\u00e4lt keine personenbezogenen Daten und wird verworfen, wenn du deinen Browser schlie\u00dft.<\/p>\n<p>Wenn du dich anmeldest, werden wir einige Cookies einrichten, um deine Anmeldeinformationen und Anzeigeoptionen zu speichern. Anmelde-Cookies verfallen nach zwei Tagen und Cookies f\u00fcr die Anzeigeoptionen nach einem Jahr. Falls du bei der Anmeldung \u201eAngemeldet bleiben\u201c ausw\u00e4hlst, wird deine Anmeldung zwei Wochen lang aufrechterhalten. Mit der Abmeldung aus deinem Konto werden die Anmelde-Cookies gel\u00f6scht.<\/p>\n<p>Wenn du einen Artikel bearbeitest oder ver\u00f6ffentlichst, wird ein zus\u00e4tzlicher Cookie in deinem Browser gespeichert. Dieser Cookie enth\u00e4lt keine personenbezogenen Daten und verweist nur auf die Beitrags-ID des Artikels, den du gerade bearbeitet hast. Der Cookie verf\u00e4llt nach einem Tag.<\/p>\n<h3>PlugIns:<\/h3>\n<p>Diese Website benutzt die &#8220;Count per Day&#8221; Statistik. Das WordPress Plugin \u201eCount per Day\u201c speichert sogenannte \u201eCookies\u201c auf Ihrem Computer, die eine Auswertung Ihrer Nutzung dieser Website erm\u00f6glichen. Die durch den Cookie dabei anfallenden Daten \u00fcber Ihre Nutzung der Website werden anonymisiert an einen Server von Count per Day in den USA \u00fcbertragen und dort gespeichert. Die Daten sind so anonymisiert, dass sie nicht mehr einem Anschluss zuordenbar sind. Die anfallenden Daten werden durch Count per Day&nbsp; gegebenenfalls an Dritte \u00fcbertragen, sofern dies gesetzlich vorgeschrieben ist, oder sofern Count per Day die Daten durch Dritte verarbeiten l\u00e4sst. In keinem Fall wird Ihre IP-Adresse mit anderen Daten von Count per Day in Verbindung gebracht. Die Installation des Cookies k\u00f6nnen Sie durch die entsprechenden Einstellungen in Ihrem Webbrowser unterbinden.<br \/>\nDurch die Nutzung dieser Website erkl\u00e4ren Sie sich mit beschriebenen der Bearbeitung der \u00fcber Sie erhobenen Daten durch Count per Day einverstanden. Indem Sie mir dies mitteilen, k\u00f6nnen der Erhebung der Daten durch Count per Day-Statistik widersprechen.<\/p>\n<p class=\"wpgdprc-title\">WP GDPR Compliance ist installiert um Benutzer im Kontaktformular und bei Kommentaren auf die Speicherung von Daten hinzuweisen.<\/p>\n<h3>Eingebettete Inhalte von anderen Websites<\/h3>\n<p>Beitr\u00e4ge auf dieser Website k\u00f6nnen eingebettete Inhalte beinhalten (z.&nbsp;B. Videos, Bilder, Beitr\u00e4ge etc.). Eingebettete Inhalte von anderen Websites verhalten sich exakt so, als ob der Besucher die andere Website besucht h\u00e4tte.<\/p>\n<p>Diese Websites k\u00f6nnen Daten \u00fcber dich sammeln, Cookies benutzen, zus\u00e4tzliche Tracking-Dienste von Dritten einbetten und deine Interaktion mit diesem eingebetteten Inhalt aufzeichnen, inklusive deiner Interaktion mit dem eingebetteten Inhalt, falls du ein Konto hast und auf dieser Website angemeldet bist.<\/p>\n<h2>Mit wem wir deine Daten teilen<\/h2>\n<p>&nbsp;<\/p>\n<h2>Wie lange wir deine Daten speichern<\/h2>\n<p>Wenn du einen Kommentar schreibst, wird dieser inklusive Metadaten zeitlich unbegrenzt gespeichert. Auf diese Art k\u00f6nnen wir Folgekommentare automatisch erkennen und freigeben, anstelle sie in einer Moderations-Warteschlange festzuhalten.<\/p>\n<p>F\u00fcr Benutzer, die sich auf unserer Website registrieren, speichern wir zus\u00e4tzlich die pers\u00f6nlichen Informationen, die sie in ihren Benutzerprofilen angeben. Alle Benutzer k\u00f6nnen jederzeit ihre pers\u00f6nlichen Informationen einsehen, ver\u00e4ndern oder l\u00f6schen (der Benutzername kann nicht ver\u00e4ndert werden). Administratoren der Website k\u00f6nnen diese Informationen ebenfalls einsehen und ver\u00e4ndern.<\/p>\n<h2>Welche Rechte du an deinen Daten hast<\/h2>\n<p>Wenn du ein Konto auf dieser Website besitzt oder Kommentare geschrieben hast, kannst du einen Export deiner personenbezogenen Daten bei uns anfordern, inklusive aller Daten, die du uns mitgeteilt hast. Dar\u00fcber hinaus kannst du die L\u00f6schung aller personenbezogenen Daten, die wir von dir gespeichert haben, anfordern. Dies umfasst nicht die Daten, die wir aufgrund administrativer, rechtlicher oder sicherheitsrelevanter Notwendigkeiten aufbewahren m\u00fcssen.<\/p>\n<h2>Wohin wir deine Daten senden<\/h2>\n<p>Besucher-Kommentare k\u00f6nnten von einem automatisierten Dienst zur Spam-Erkennung untersucht werden.<\/p>\n<h2>Deine Kontakt-Informationen<\/h2>\n<p>Werden nur auf der Website gespeichert und dienen ausschlie\u00dflich der Zugriffsgenehmigung f\u00fcr Vereinsinterne Inhalte.&nbsp;<\/p>\n<h2>Weitere Informationen<\/h2>\n<h3>Wie wir deine Daten sch\u00fctzen<\/h3>\n<p>Wir aktualisieren die WordPress Version automatisch und wir haben einen Vertrag zur Auftragsverarbeitung gem\u00e4\u00df Art. 28 DSGVO mit unserem Webhoster &#8220;Domainfactory&#8221;.<\/p>\n<p>Welche Ma\u00dfnahmen wir bei Datenschutzverletzungen anbieten<\/p>\n<p>Sollte eine Datenschutzverletzung stattfinden, werden wir die entsprechenden Account sofort sperren und im Notfall die Webseite bis zur Kl\u00e4rung deaktivieren.<\/p>\n<h3>&nbsp;<\/h3>\n","protected":false},"excerpt":{"rendered":"<p>Wer wir sind Gemeinn\u00fctziger Generationsverein Zehdenick Siedlung 2 e. V. Kanalstrasse 21 16792 Zehdenick Die Adresse unserer Website ist: https:\/\/ggvzs2.de. Welche personenbezogenen Daten wir sammeln und warum wir sie sammeln Kommentare Wenn Besucher Kommentare auf der Website schreiben, sammeln wir die Daten, die im Kommentar-Formular angezeigt werden, au\u00dferdem die IP-Adresse des Besuchers und den User-Agent-String &hellip; <a href=\"https:\/\/ggvzs2.de\/?page_id=1869\" class=\"more-link\"><span class=\"screen-reader-text\">Datenschutzerkl\u00e4rung<\/span> weiterlesen <span class=\"meta-nav\">&rarr;<\/span><\/a><\/p>\n","protected":false},"author":1,"featured_media":0,"parent":0,"menu_order":20,"comment_status":"closed","ping_status":"closed","template":"","meta":{"ngg_post_thumbnail":0,"footnotes":""},"class_list":["post-1869","page","type-page","status-publish","hentry"],"_links":{"self":[{"href":"https:\/\/ggvzs2.de\/index.php?rest_route=\/wp\/v2\/pages\/1869","targetHints":{"allow":["GET"]}}],"collection":[{"href":"https:\/\/ggvzs2.de\/index.php?rest_route=\/wp\/v2\/pages"}],"about":[{"href":"https:\/\/ggvzs2.de\/index.php?rest_route=\/wp\/v2\/types\/page"}],"author":[{"embeddable":true,"href":"https:\/\/ggvzs2.de\/index.php?rest_route=\/wp\/v2\/users\/1"}],"replies":[{"embeddable":true,"href":"https:\/\/ggvzs2.de\/index.php?rest_route=%2Fwp%2Fv2%2Fcomments&post=1869"}],"version-history":[{"count":7,"href":"https:\/\/ggvzs2.de\/index.php?rest_route=\/wp\/v2\/pages\/1869\/revisions"}],"predecessor-version":[{"id":1877,"href":"https:\/\/ggvzs2.de\/index.php?rest_route=\/wp\/v2\/pages\/1869\/revisions\/1877"}],"wp:attachment":[{"href":"https:\/\/ggvzs2.de\/index.php?rest_route=%2Fwp%2Fv2%2Fmedia&parent=1869"}],"curies":[{"name":"wp","href":"https:\/\/api.w.org\/{rel}","templated":true}]}}